2, 3
Let o = -16 + 18. List the prime factors of o.
2
Suppose x - 13 = 4. Suppose -4*m = u - 4*u - x, -m - 13 = 5*u. Suppose 0*v + m*v = 12. List the prime factors of v.
2, 3
Suppose -3*v = v - 208. List the prime factors of v.
2, 13
Suppose -2 = -5*x - 12. Let l = -3 - x. Let r = 1 - l. List the prime factors of r.
2
List the prime factors of (-3348)/(-30) - (-12)/30.
2, 7
Suppose a = -3*c - 6 - 5, 4*a + 16 = -5*c. Suppose a - 6 = -p. What are the prime factors of p?
5
Suppose 0 = -2*r - 4*h + 146, 0 = -3*r - 2*r - 3*h + 379. Suppose 3*x - 3*c = -c + r, 4*x = c + 101. What are the prime factors of x?
5
Let z = 2 + -4. Let k = -5 - z. List the prime factors of 1 - (k + 4/(-2)).
2, 3
Suppose -c - 73 = -2*w, 6*w - w - 182 = 2*c. Let u = 65 - w. What are the prime factors of u?
29
Let n(b) = -24*b - 1. What are the prime factors of n(-5)?
7, 17
Let o(q) = -q**3 - 5*q**2 - 3. Suppose 3*s = -2*v, -5*v + 5*s - 38 = -2*v. What are the prime factors of o(v)?
3, 11
Let z(o) = o**2 + 4*o - 5. Let n be z(-6). Let r = -5 + n. Suppose r*w + 3*c = 53 - 9, 4*c = w. List the prime factors of w.
2
Let w(r) = 4*r**2 - 3*r - 2. Let k be w(3). Let y be 0 + (-3 - 2*-4). Suppose k = 3*h - y. List the prime factors of h.
2, 5
Let u be (-4 - 4)/(2*-1). Suppose -g - 4*p = g - 30, -5*g - u*p = -57. List the prime factors of g.
3
Let j(t) = -2*t - 3. Let a be j(-3). Suppose r - a*r + 4 = 0. Suppose -4*c + 4*v = -16, -r*c - 4*v + 23 = -15. What are the prime factors of c?
3
Let d(z) be the first derivative of z**4/12 + 4*z**3/3 - 7*z**2/2 + 3*z + 2. Let g(s) be the first derivative of d(s). List the prime factors of g(-9).
2
Suppose -4*v + 4*l + 144 = 0, 4*v = -5*l + 208 - 28. List the prime factors of v.
2, 5
Let p be 1*4*(-28)/(-16). What are the prime factors of (10 + -8)/(2/p)?
7
Suppose 0 = p + 4*p - 715. List the prime factors of p.
11, 13
Let k be (-14)/(-4)*16/28. Let w(b) be the second derivative of b**4/12 - b**3/6 + b**2/2 + b. What are the prime factors of w(k)?
3
Suppose 0 = 5*x - 1526 + 111. List the prime factors of x.
283
Let s = 12 + -6. Let m = 5 + 3. Let c = m - s. List the prime factors of c.
2
Let a(k) = 4*k + 30. List the prime factors of a(7).
2, 29
Let m(t) = -8*t + 5. Let s be m(-4). Suppose -5*n + 123 = -s. What are the prime factors of n?
2
Suppose -2*w = 2*u + 8, 0 = u + 3*u - w + 1. Let f be (-14)/(-8) + u/(-4). Suppose -2*t + f*o = -t - 13, -2*o + 17 = t. What are the prime factors of t?
3, 5
Let k(c) = 5*c**2 - 3*c + 6. What are the prime factors of k(3)?
2, 3, 7
Let d = -10 + 8. Let v(z) = -5*z - 5. List the prime factors of v(d).
5
Let n(l) = -l + 7. Let i be n(3). Let t(c) = 16*c**2 - c. Let w be t(1). Suppose i*m + m - w = 0. What are the prime factors of m?
3
Suppose 28 = y - 21. List the prime factors of y.
7
Suppose -5*y - 3*k = -1840, -4*y - 4*k + 1840 = y. List the prime factors of y.
2, 23
Let p = -3 + 10. Let g = 0 - 1. Let r = p + g. List the prime factors of r.
2, 3
Let c be ((-1596)/(-30))/((-2)/10). What are the prime factors of (-14)/42 + c/(-6)?
2, 11
Suppose -a + 5*w = -219, -a - 4*w + 876 = 3*a. What are the prime factors of a?
3, 73
Let z(b) = b**3 - 15*b**2 - b - 6. Let h be z(15). Let w(p) = p**2 - 12. Let o be w(0). Let u = o - h. List the prime factors of u.
3
Let q(a) = a**3 + 8*a**2 - 2*a - 5. Let z be q(-6). Suppose 3*l - z = 4*m, -2*l - m = -54 - 6. What are the prime factors of l?
29
Suppose 2*s - 12 + 0 = 0. Let o be 36/16 - 1/4. Suppose 2*y + 3*f + 44 = s*y, -5*f + 48 = o*y. What are the prime factors of y?
2, 7
Let w = -27 + 54. Let q be (-1)/((-2)/5)*2. Suppose -3*y = -5*j + 3 + 3, -4*y - q*j + w = 0. What are the prime factors of y?
3
Let r = -1 + 1. Let k = r - -2. Suppose 0 = 5*f + q - 13, -4*f - k*q = 2*q - 20. What are the prime factors of f?
2
Let r(l) = -8*l**2 + 6*l**2 + 2 + 0 - l - 3*l**3. What are the prime factors of r(-2)?
2, 5
Let s(z) = -z**2 - 3*z + 7. Let r be s(-5). Let h(k) be the second derivative of k**4/12 - k**3/3 - 2*k**2 + k. List the prime factors of h(r).
11
Suppose y = 2*y - 3*t - 216, 5*t + 429 = 2*y. What are the prime factors of y?
3, 23
Suppose 2*r - 42 = 5*a, 2*r - r - 4*a = 15. What are the prime factors of r?
31
Let j = 14 - 9. Let s(o) = -o**2 + 8*o - 2. What are the prime factors of s(j)?
13
Let d be (1 - 1)/(12/4). Suppose -i = -2*y - d*y - 12, -y = 2*i + 1. List the prime factors of i.
2
Let l = -32 + 45. Let k = l - 3. List the prime factors of k.
2, 5
Let u be (-2)/(-4)*(-1 + 7). Let f = 5 - u. Suppose 48 = 2*l + f*l. What are the prime factors of l?
2, 3
Let i(g) be the second derivative of -7*g**5/10 - g**4/6 - g**3/6 - 3*g. List the prime factors of i(-1).
13
Let u(z) be the first derivative of -z**2 - 10*z + 2. What are the prime factors of u(-7)?
2
Suppose v - 4*z = 29, 3 = -2*v - 5*z - 4. Let o(m) = m**2 + 5*m - 1. Let k be o(-7). Let c = k - v. List the prime factors of c.
2
Let u(t) = 4*t**3 - t**2 + 4*t - 5. What are the prime factors of u(2)?
31
Let j(u) = -u**3 - 5*u**2 + 8*u - 19. List the prime factors of j(-8).
109
Suppose 4*b = -5*w - 27, -3*w + 5*b + 3 = b. Let u be 3*2*(-1)/w. Suppose 2*y = -y + 9, u*j + 2*y = 16. List the prime factors of j.
5
Let g be 15/(-6)*4/(-5). Suppose 0 = g*x - 3*y - 16, 0*x - 3*x - 4*y = -41. Let c = -3 + x. List the prime factors of c.
2
Let h(y) = -10*y + 13. Let c be h(9). List the prime factors of (-35)/(-11) + 14/c.
3
Let z(u) = -17*u - 6. What are the prime factors of z(-5)?
79
Let a(h) be the second derivative of -h**4/12 + h**3/2 + 3*h**2 + h. Let s be a(8). Let p = -23 - s. List the prime factors of p.
11
Let o be 10/35 - (-80)/14. Suppose 5*p = -o + 16. Suppose 3*g - 5*x = 31, 3*g + p*x - 24 = 14. List the prime factors of g.
2, 3
Suppose l = 1 - 8. Let h(u) = u**2 + 8*u + 10. Let k be h(l). Suppose -k*v + 4*v - 9 = 0. What are the prime factors of v?
3
Suppose 0 = -4*z + 2*z + 8, 3*a + 32 = 5*z. Let j(k) = k**3 + 5*k**2 + 3*k + 1. Let g be j(a). Let m = g - -2. What are the prime factors of m?
7
Let n(h) = 18*h + 2. Let g be n(1). Suppose -w + 18 = -g. What are the prime factors of w?
2, 19
Suppose -4*d + 2*b + 620 = -3*b, 0 = -2*d + 4*b + 316. List the prime factors of d.
2, 3, 5
Let w(m) be the third derivative of 1/12*m**4 + 0*m + 0 + m**2 + 1/2*m**3 + 1/30*m**5. What are the prime factors of w(-2)?
7
Let w = 7 - 6. Let s = 12 - w. What are the prime factors of s?
11
Let o(w) = -w**2 - 10*w - 7. Suppose -2*p - 22 = 3*c, c - 9 = 2*p + 5. Let j be o(p). What are the prime factors of (-4)/3*j/(-6)?
2
Let y = 6 + -4. Suppose 5*c = -y*t - 15, t + 3*c = -4*t + 10. Suppose 37 = t*s - u, -2*s = 2*u - 0*u - 10. What are the prime factors of s?
7
Let l(u) = -u**3 + 8*u**2 - 8*u + 7. Let z be l(6). Let c = z - 14. List the prime factors of c.
17
What are the prime factors of (-7434)/(-102) + 6 + (-2)/(-17)?
79
Let o = 17 + -5. Suppose -2*m + 25 = -l + 1, m = -2*l + o. List the prime factors of m.
2, 3
Let o(n) = -15*n**2 - n + 1. Let c be o(1). Let m = -9 - c. What are the prime factors of m?
2, 3
Suppose -3*g = -g - 36. Let k = g - -16. Let l = -20 + k. List the prime factors of l.
2, 7
Suppose -6*b = -5*b. Suppose b = -0*p + p + 23. Let l = p + 38. What are the prime factors of l?
3, 5
Let j(x) = x**3 + 4*x**2 + 4*x + 3. Let r be j(-3). Let o(v) = -v**2 + v + 20. Let z be o(r). Let w = z - 10. List the prime factors of w.
2, 5
Suppose 4*x = 3*x - 2*v, -21 = -5*x - 3*v. List the prime factors of x.
2, 3
Suppose -4*w - 52 = -4*c, 3*c + 4*w + 7 = 4*c. List the prime factors of c.
3, 5
Let z(k) = 314*k**2 + k. List the prime factors of z(-1).
313
Let w(h) = -2*h - 7. List the prime factors of w(-11).
3, 5
Let f(d) = 12*d + 7. Let w(p) = p - 1. Let n(t) = -4*t - 6. Let v(x) = -n(x) + 2*w(x). Let u(z) = 6*f(z) - 11*v(z). List the prime factors of u(2).
2, 5
Let b(g) = -g**3 + 4*g**2 + g + 4. Suppose 0 = 5*s + 3*v + 2*v - 10, -s + 5*v = -14. What are the prime factors of b(s)?
2
Let y = 58 + -35. Let n = -16 + y. What are the prime factors of n?
7
Suppose -z - 2 = -0. What are the prime factors of (z - -26)*3/9?
2
Let b = 16 + 15. Suppose 3*q = b + 14. List the prime factors of q.
3, 5
Let d(i) = 3*i**2 - 13*i - 10. What are the prime factors of d(6)?
2, 5
Suppose -3*i = -12, -4*c + 4*i + 168 = -0*i. What are the prime fac